{"id":847,"date":"2024-09-09T08:56:33","date_gmt":"2024-09-09T08:56:33","guid":{"rendered":"https:\/\/www.smhv.hu\/?page_id=847"},"modified":"2024-09-12T12:17:07","modified_gmt":"2024-09-12T12:17:07","slug":"odrzavanje-ulicne-rasvjete","status":"publish","type":"page","link":"https:\/\/www.smhv.hu\/?page_id=847&lang=hr","title":{"rendered":"Odr\u017eavanje uli\u010dne rasvjete"},"content":{"rendered":"<p>[et_pb_section fb_built=&#8221;1&#8243; admin_label=&#8221;Get in Touch&#8221; _builder_version=&#8221;4.25.2&#8243; background_image=&#8221;https:\/\/www.smhv.hu\/wp-content\/uploads\/2024\/07\/kozvill.png&#8221; custom_padding=&#8221;53px|0px|54px|0px|false|false&#8221; global_colors_info=&#8221;{}&#8221;][et_pb_row module_class=&#8221;koz_cim&#8221; _builder_version=&#8221;4.27.0&#8243; _module_preset=&#8221;default&#8221; background_color=&#8221;#FFFFFF&#8221; custom_padding=&#8221;|20px|0px|20px|false|false&#8221; border_radii=&#8221;off|5px|5px||&#8221; global_colors_info=&#8221;{}&#8221;][et_pb_column type=&#8221;4_4&#8243; _builder_version=&#8221;4.25.2&#8243; _module_preset=&#8221;default&#8221; global_colors_info=&#8221;{}&#8221;][et_pb_text _builder_version=&#8221;4.27.0&#8243; _module_preset=&#8221;default&#8221; header_text_color=&#8221;#666666&#8243; hover_enabled=&#8221;0&#8243; global_colors_info=&#8221;{}&#8221; sticky_enabled=&#8221;0&#8243;]<\/p>\n<h1><strong>Odr\u017eavanje uli\u010dne rasvjete<\/strong><\/h1>\n<p>[\/et_pb_text][\/et_pb_column][\/et_pb_row][et_pb_row column_structure=&#8221;3_5,2_5&#8243; _builder_version=&#8221;4.25.2&#8243; background_color=&#8221;#FFFFFF&#8221; custom_margin=&#8221;0px||0px||true|false&#8221; custom_padding=&#8221;20px|20px|20px|20px|true|true&#8221; border_radii=&#8221;off|||5px|5px&#8221; global_colors_info=&#8221;{}&#8221;][et_pb_column type=&#8221;3_5&#8243; _builder_version=&#8221;4.16&#8243; custom_padding=&#8221;|||&#8221; global_colors_info=&#8221;{}&#8221; custom_padding__hover=&#8221;|||&#8221;][et_pb_text _builder_version=&#8221;4.27.0&#8243; text_font=&#8221;||||||||&#8221; text_text_color=&#8221;#666666&#8243; text_line_height=&#8221;1.8em&#8221; header_font=&#8221;Libre Franklin|600|||||||&#8221; header_font_size=&#8221;60px&#8221; header_line_height=&#8221;1.4em&#8221; background_color=&#8221;rgba(255,255,255,0)&#8221; custom_margin=&#8221;0px||0px||true|false&#8221; custom_padding=&#8221;0px||0px||true|false&#8221; hover_enabled=&#8221;0&#8243; header_font_size_tablet=&#8221;&#8221; header_font_size_phone=&#8221;32px&#8221; header_font_size_last_edited=&#8221;on|phone&#8221; global_colors_info=&#8221;{}&#8221; sticky_enabled=&#8221;0&#8243;]<\/p>\n<div style=\"text-align: justify;\">Iskustvo pokazuje da je odr\u017eavanje javne rasvjete zna\u010dajna stavka u prora\u010dunima lokalnih samouprava, a financiranje ove javne usluge ponekad je ozbiljan izazov. Slu\u017eba javne rasvjete obvezna je zakonom, kojom se mora upravljati s odgovaraju\u0107im profesionalnim iskustvom i mo\u017ee se zna\u010dajno smanjiti kvalitetnom pripremom.<\/div>\n<div style=\"text-align: justify;\"><\/div>\n<div style=\"text-align: justify;\">Na\u0161a tvrtka ima zna\u010dajnu ulogu u ju\u017enoj prekodunavskoj regiji Ma\u0111arske (Baranya, Tolna, Somogy, Zala) predstavlja u kvalitetnom radu javne rasvjete ulica i naselja. Imamo tim od gotovo pedeset ljudi dostupnih\u00a0 svaki dan. Kontinuiranio se nadzire\u00a0 sustavajavne rasvjete kojima upravljamo\u00a0 ali osim toga, uz pomo\u0107 na\u0161e slu\u017ebe za korisnike i online sustava za prijavu kvarova, stanovni\u0161tvo tako\u0111er mo\u017ee\u00a0 prijaviti sve kvarove u sustavu.<\/div>\n<p>[\/et_pb_text][\/et_pb_column][et_pb_column type=&#8221;2_5&#8243; _builder_version=&#8221;4.16&#8243; custom_padding=&#8221;|||&#8221; global_colors_info=&#8221;{}&#8221; custom_padding__hover=&#8221;|||&#8221;][et_pb_image src=&#8221;https:\/\/www.smhv.hu\/wp-content\/uploads\/2024\/06\/kozvilagitas-karbantartas.jpg&#8221; alt=&#8221;Odr\u017eavanje uli\u010dne rasvjete&#8221; title_text=&#8221;Odr\u017eavanje uli\u010dne rasvjete&#8221; show_in_lightbox=&#8221;on&#8221; _builder_version=&#8221;4.27.0&#8243; _module_preset=&#8221;default&#8221; custom_padding=&#8221;0px||||false|false&#8221; global_colors_info=&#8221;{}&#8221;][\/et_pb_image][\/et_pb_column][\/et_pb_row][\/et_pb_section]<\/p>\n","protected":false},"excerpt":{"rendered":"<p>Odr\u017eavanje uli\u010dne rasvjeteIskustvo pokazuje da je odr\u017eavanje javne rasvjete zna\u010dajna stavka u prora\u010dunima lokalnih samouprava, a financiranje ove javne usluge ponekad je ozbiljan izazov. Slu\u017eba javne rasvjete obvezna je zakonom, kojom se mora upravljati s odgovaraju\u0107im profesionalnim iskustvom i mo\u017ee se zna\u010dajno smanjiti kvalitetnom pripremom. Na\u0161a tvrtka ima zna\u010dajnu ulogu u ju\u017enoj prekodunavskoj regiji Ma\u0111arske [&hellip;]<\/p>\n","protected":false},"author":1,"featured_media":0,"parent":0,"menu_order":0,"comment_status":"closed","ping_status":"closed","template":"","meta":{"_et_pb_use_builder":"on","_et_pb_old_content":"[et_pb_section fb_built=\"1\" admin_label=\"Get in Touch\" _builder_version=\"4.25.2\" background_image=\"https:\/\/www.smhv.hu\/wp-content\/uploads\/2024\/07\/kozvill.png\" custom_padding=\"53px|0px|54px|0px|false|false\" global_colors_info=\"{}\"][et_pb_row module_class=\"koz_cim\" _builder_version=\"4.27.0\" _module_preset=\"default\" background_color=\"#FFFFFF\" custom_padding=\"|20px|0px|20px|false|false\" border_radii=\"off|5px|5px||\" global_colors_info=\"{}\"][et_pb_column type=\"4_4\" _builder_version=\"4.25.2\" _module_preset=\"default\" global_colors_info=\"{}\"][et_pb_text _builder_version=\"4.27.0\" _module_preset=\"default\" hover_enabled=\"0\" global_colors_info=\"{}\" sticky_enabled=\"0\"]<h1>K\u00f6zvil\u00e1g\u00edt\u00e1s-karbantart\u00e1s<\/h1>[\/et_pb_text][\/et_pb_column][\/et_pb_row][et_pb_row column_structure=\"3_5,2_5\" _builder_version=\"4.25.2\" background_color=\"#FFFFFF\" custom_margin=\"0px||0px||true|false\" custom_padding=\"20px|20px|20px|20px|true|true\" border_radii=\"off|||5px|5px\" global_colors_info=\"{}\"][et_pb_column type=\"3_5\" _builder_version=\"4.16\" custom_padding=\"|||\" global_colors_info=\"{}\" custom_padding__hover=\"|||\"][et_pb_text _builder_version=\"4.27.0\" text_font=\"||||||||\" text_text_color=\"#666666\" text_line_height=\"1.8em\" header_font=\"Libre Franklin|600|||||||\" header_font_size=\"60px\" header_line_height=\"1.4em\" background_color=\"rgba(255,255,255,0)\" custom_margin=\"0px||0px||true|false\" custom_padding=\"0px||0px||true|false\" header_font_size_tablet=\"\" header_font_size_phone=\"32px\" header_font_size_last_edited=\"on|phone\" global_colors_info=\"{}\"]<p><span style=\"color: #000000;\">A tapasztalatok azt mutatj\u00e1k, hogy a k\u00f6zvil\u00e1g\u00edt\u00e1s karbantart\u00e1sa jelent\u0151s t\u00e9telt tesz ki az \u00f6nkorm\u00e1nyzatok k\u00f6lts\u00e9gvet\u00e9s\u00e9ben, \u00e9s e k\u00f6zszolg\u00e1ltat\u00e1s finansz\u00edroz\u00e1sa olykor komoly kih\u00edv\u00e1st jelent. A k\u00f6zvil\u00e1g\u00edt\u00e1s szolg\u00e1ltat\u00e1s\u00e1t t\u00f6rv\u00e9ny \u00edrja el\u0151, amely \u00fczemeltet\u00e9se megfelel\u0151 szakmai tapasztalattal \u00e9s felk\u00e9sz\u00fclts\u00e9ggel jelent\u0151s m\u00e9rt\u00e9kben cs\u00f6kkenthet\u0151.<\/span><\/p>\n<p><span style=\"color: #000000;\">C\u00e9g\u00fcnk Magyarorsz\u00e1g D\u00e9l-dun\u00e1nt\u00fali r\u00e9gi\u00f3j\u00e1ban (Baranya, Tolna, Somogy, Zala) jelent\u0151s szerepet k\u00e9pvisel a telep\u00fcl\u00e9sek k\u00f6zvil\u00e1g\u00edt\u00e1s\u00e1nak min\u0151s\u00e9gi \u00fczemeltet\u00e9s\u00e9ben. K\u00f6zel \u00f6tven f\u0151s csapatunk az \u00e9v minden napj\u00e1n rendelkez\u00e9sre \u00e1ll. Az \u00e1ltalunk kezelt k\u00f6zvil\u00e1g\u00edt\u00e1si rendszerek folyamatos ellen\u0151rz\u00e9se mellett, \u00fcgyf\u00e9lszolg\u00e1latunk \u00e9s online hibabejelent\u0151 rendszer\u00fcnk seg\u00edts\u00e9g\u00e9vel a lakoss\u00e1g is k\u00f6nnyen jelezheti fel\u00e9nk a felmer\u00fcl\u0151 hib\u00e1kat.<\/span><\/p>[\/et_pb_text][\/et_pb_column][et_pb_column type=\"2_5\" _builder_version=\"4.16\" custom_padding=\"|||\" global_colors_info=\"{}\" custom_padding__hover=\"|||\"][et_pb_image src=\"https:\/\/www.smhv.hu\/wp-content\/uploads\/2024\/06\/kozvilagitas-karbantartas.jpg\" title_text=\"kozvilagitas-karbantartas\" show_in_lightbox=\"on\" _builder_version=\"4.25.2\" _module_preset=\"default\" custom_padding=\"0px||||false|false\" global_colors_info=\"{}\"][\/et_pb_image][\/et_pb_column][\/et_pb_row][\/et_pb_section]","_et_gb_content_width":"1080","footnotes":""},"class_list":["post-847","page","type-page","status-publish","hentry"],"_links":{"self":[{"href":"https:\/\/www.smhv.hu\/index.php?rest_route=\/wp\/v2\/pages\/847","targetHints":{"allow":["GET"]}}],"collection":[{"href":"https:\/\/www.smhv.hu\/index.php?rest_route=\/wp\/v2\/pages"}],"about":[{"href":"https:\/\/www.smhv.hu\/index.php?rest_route=\/wp\/v2\/types\/page"}],"author":[{"embeddable":true,"href":"https:\/\/www.smhv.hu\/index.php?rest_route=\/wp\/v2\/users\/1"}],"replies":[{"embeddable":true,"href":"https:\/\/www.smhv.hu\/index.php?rest_route=%2Fwp%2Fv2%2Fcomments&post=847"}],"version-history":[{"count":7,"href":"https:\/\/www.smhv.hu\/index.php?rest_route=\/wp\/v2\/pages\/847\/revisions"}],"predecessor-version":[{"id":1148,"href":"https:\/\/www.smhv.hu\/index.php?rest_route=\/wp\/v2\/pages\/847\/revisions\/1148"}],"wp:attachment":[{"href":"https:\/\/www.smhv.hu\/index.php?rest_route=%2Fwp%2Fv2%2Fmedia&parent=847"}],"curies":[{"name":"wp","href":"https:\/\/api.w.org\/{rel}","templated":true}]}}