{"id":114,"date":"2024-06-21T16:32:21","date_gmt":"2024-06-21T16:32:21","guid":{"rendered":"https:\/\/www.smhv.hu\/?page_id=114"},"modified":"2024-10-07T07:30:23","modified_gmt":"2024-10-07T07:30:23","slug":"tervezes","status":"publish","type":"page","link":"https:\/\/www.smhv.hu\/?page_id=114","title":{"rendered":"Tervez\u00e9s"},"content":{"rendered":"<p>[et_pb_section fb_built=&#8221;1&#8243; admin_label=&#8221;Get in Touch&#8221; _builder_version=&#8221;4.25.2&#8243; background_image=&#8221;https:\/\/www.smhv.hu\/wp-content\/uploads\/2024\/07\/tervek-1.png&#8221; custom_padding=&#8221;53px|0px|54px|0px|false|false&#8221; global_colors_info=&#8221;{}&#8221;][et_pb_row _builder_version=&#8221;4.25.2&#8243; _module_preset=&#8221;default&#8221; global_colors_info=&#8221;{}&#8221;][et_pb_column type=&#8221;4_4&#8243; _builder_version=&#8221;4.25.2&#8243; _module_preset=&#8221;default&#8221; global_colors_info=&#8221;{}&#8221;][et_pb_text _builder_version=&#8221;4.27.0&#8243; _module_preset=&#8221;default&#8221; global_colors_info=&#8221;{}&#8221;]<\/p>\n<h1><span style=\"color: #666666;\">Tervez\u00e9s<\/span><\/h1>\n<p>[\/et_pb_text][\/et_pb_column][\/et_pb_row][et_pb_row column_structure=&#8221;3_5,2_5&#8243; _builder_version=&#8221;4.25.2&#8243; custom_margin=&#8221;0px||0px||true|false&#8221; custom_padding=&#8221;0px||||false|false&#8221; global_colors_info=&#8221;{}&#8221;][et_pb_column type=&#8221;3_5&#8243; _builder_version=&#8221;4.16&#8243; custom_padding=&#8221;|||&#8221; global_colors_info=&#8221;{}&#8221; custom_padding__hover=&#8221;|||&#8221;][et_pb_text _builder_version=&#8221;4.27.0&#8243; text_font=&#8221;||||||||&#8221; text_line_height=&#8221;1.8em&#8221; header_font=&#8221;Libre Franklin|600|||||||&#8221; header_font_size=&#8221;60px&#8221; header_line_height=&#8221;1.4em&#8221; background_enable_color=&#8221;off&#8221; use_background_color_gradient=&#8221;on&#8221; background_color_gradient_direction=&#8221;90deg&#8221; background_color_gradient_stops=&#8221;#ffffff 88%|rgba(255,255,255,0) 92%&#8221; custom_margin=&#8221;0px||0px||true|false&#8221; custom_padding=&#8221;0px||0px||true|false&#8221; header_font_size_tablet=&#8221;&#8221; header_font_size_phone=&#8221;32px&#8221; header_font_size_last_edited=&#8221;on|phone&#8221; global_colors_info=&#8221;{}&#8221;]<\/p>\n<p style=\"text-align: justify;\"><span>Egy beruh\u00e1z\u00e1s, egy fejleszt\u00e9s <\/span><span>\u00f6tletekb\u0151l indul. C\u00e9g\u00fcnk t\u00f6bb f\u0151s villamos kiviteli tervez\u0151i m\u00e9rn\u00f6kcsoporttal rendelkezik. <\/span><span>Keret-szerz\u0151d\u00f6tt \u00e9s min\u0151s\u00edtett alv\u00e1llalkoz\u00f3i vagyunk a k\u00f6rny\u00e9k\u00fcnk\u00f6n m\u0171k\u00f6d\u0151 \u00e1ramszolg\u00e1ltat\u00f3knak. <\/span><span>V\u00e1llaljuk, hogy villamos fejleszt\u00e9si elk\u00e9pzel\u00e9seiket kulcsrak\u00e9szen megval\u00f3s\u00edtjuk a kiviteli tervez\u00e9st\u0151l az \u00fczembe helyez\u00e9sig.<\/span><\/p>\n<p>[\/et_pb_text][\/et_pb_column][et_pb_column type=&#8221;2_5&#8243; _builder_version=&#8221;4.16&#8243; custom_padding=&#8221;|||&#8221; global_colors_info=&#8221;{}&#8221; custom_padding__hover=&#8221;|||&#8221;][et_pb_image src=&#8221;https:\/\/www.smhv.hu\/wp-content\/uploads\/2024\/06\/tervezes.jpg&#8221; title_text=&#8221;tervezes&#8221; show_in_lightbox=&#8221;on&#8221; _builder_version=&#8221;4.25.2&#8243; _module_preset=&#8221;default&#8221; custom_padding=&#8221;0px||||false|false&#8221; global_colors_info=&#8221;{}&#8221;][\/et_pb_image][\/et_pb_column][\/et_pb_row][et_pb_row _builder_version=&#8221;4.25.2&#8243; _module_preset=&#8221;default&#8221; custom_margin=&#8221;0px||0px||false|false&#8221; custom_padding=&#8221;0px||0px||false|false&#8221; global_colors_info=&#8221;{}&#8221;][et_pb_column type=&#8221;4_4&#8243; _builder_version=&#8221;4.25.2&#8243; _module_preset=&#8221;default&#8221; global_colors_info=&#8221;{}&#8221;][et_pb_text _builder_version=&#8221;4.27.0&#8243; _module_preset=&#8221;default&#8221; use_background_color_gradient=&#8221;on&#8221; background_color_gradient_direction=&#8221;90deg&#8221; background_color_gradient_stops=&#8221;#ffffff 71%|rgba(255,255,255,0) 83%&#8221; global_colors_info=&#8221;{}&#8221;]<\/p>\n<h5><strong><span style=\"color: #666666;\">Kiemelt tervez\u00e9si ter\u00fcleteink:<\/span><\/strong><\/h5>\n<ul>\n<li>fogyaszt\u00f3i csatlakoz\u00f3k tervez\u00e9se;<\/li>\n<li>k\u00f6zc\u00e9l\u00fa villamos h\u00e1l\u00f3zatok tervez\u00e9se;<\/li>\n<li>mag\u00e1n \u00e9s termel\u0151i villamos h\u00e1l\u00f3zatok tervez\u00e9se;<\/li>\n<li>naper\u0151m\u0171vek komplett kiviteli tervez\u00e9se (a k\u00f6zc\u00e9l\u00fa csatlakoz\u00e1si pont kialak\u00edt\u00e1s\u00e1t\u00f3l \u2013 a teljes hat\u00f3s\u00e1gi enged\u00e9lyez\u00e9s\u00e9vel egy\u00fctt);<\/li>\n<li>bels\u0151 villamos install\u00e1ci\u00f3s h\u00e1l\u00f3zatok tervez\u00e9se.<\/li>\n<li>k\u00f6zvil\u00e1g\u00edt\u00e1s korszer\u0171s\u00edt\u00e9s tervez\u00e9se;<\/li>\n<li>GYR rendszerekkel kapcsolatos er\u0151s\u00e1ram\u00fa tervez\u00e9si feladatok ell\u00e1t\u00e1sa.<\/li>\n<\/ul>\n<p>[\/et_pb_text][\/et_pb_column][\/et_pb_row][\/et_pb_section]<\/p>\n","protected":false},"excerpt":{"rendered":"<p>Tervez\u00e9sEgy beruh\u00e1z\u00e1s, egy fejleszt\u00e9s \u00f6tletekb\u0151l indul. C\u00e9g\u00fcnk t\u00f6bb f\u0151s villamos kiviteli tervez\u0151i m\u00e9rn\u00f6kcsoporttal rendelkezik. Keret-szerz\u0151d\u00f6tt \u00e9s min\u0151s\u00edtett alv\u00e1llalkoz\u00f3i vagyunk a k\u00f6rny\u00e9k\u00fcnk\u00f6n m\u0171k\u00f6d\u0151 \u00e1ramszolg\u00e1ltat\u00f3knak. V\u00e1llaljuk, hogy villamos fejleszt\u00e9si elk\u00e9pzel\u00e9seiket kulcsrak\u00e9szen megval\u00f3s\u00edtjuk a kiviteli tervez\u00e9st\u0151l az \u00fczembe helyez\u00e9sig.Kiemelt tervez\u00e9si ter\u00fcleteink: fogyaszt\u00f3i csatlakoz\u00f3k tervez\u00e9se; k\u00f6zc\u00e9l\u00fa villamos h\u00e1l\u00f3zatok tervez\u00e9se; mag\u00e1n \u00e9s termel\u0151i villamos h\u00e1l\u00f3zatok tervez\u00e9se; naper\u0151m\u0171vek komplett kiviteli tervez\u00e9se [&hellip;]<\/p>\n","protected":false},"author":1,"featured_media":0,"parent":0,"menu_order":0,"comment_status":"closed","ping_status":"closed","template":"","meta":{"_et_pb_use_builder":"on","_et_pb_old_content":"","_et_gb_content_width":"","footnotes":""},"class_list":["post-114","page","type-page","status-publish","hentry"],"_links":{"self":[{"href":"https:\/\/www.smhv.hu\/index.php?rest_route=\/wp\/v2\/pages\/114","targetHints":{"allow":["GET"]}}],"collection":[{"href":"https:\/\/www.smhv.hu\/index.php?rest_route=\/wp\/v2\/pages"}],"about":[{"href":"https:\/\/www.smhv.hu\/index.php?rest_route=\/wp\/v2\/types\/page"}],"author":[{"embeddable":true,"href":"https:\/\/www.smhv.hu\/index.php?rest_route=\/wp\/v2\/users\/1"}],"replies":[{"embeddable":true,"href":"https:\/\/www.smhv.hu\/index.php?rest_route=%2Fwp%2Fv2%2Fcomments&post=114"}],"version-history":[{"count":11,"href":"https:\/\/www.smhv.hu\/index.php?rest_route=\/wp\/v2\/pages\/114\/revisions"}],"predecessor-version":[{"id":1211,"href":"https:\/\/www.smhv.hu\/index.php?rest_route=\/wp\/v2\/pages\/114\/revisions\/1211"}],"wp:attachment":[{"href":"https:\/\/www.smhv.hu\/index.php?rest_route=%2Fwp%2Fv2%2Fmedia&parent=114"}],"curies":[{"name":"wp","href":"https:\/\/api.w.org\/{rel}","templated":true}]}}